tor of 1960 and b.
280
Let c = -730 - -2058. Calculate the highest common factor of c and 40.
8
Suppose 33*o - 30319 = -9265. Calculate the greatest common factor of o and 242.
22
Let f be 6/(-8) + 1592/32. Suppose 0 = 4*g - 3*a - f, 0*a = -g - 2*a + 15. Suppose 225*h - 183*h = 546. Calculate the greatest common factor of g and h.
13
Suppose 1 = -4*b + 3*b, 0 = v + 3*b - 19. What is the greatest common factor of v and 3289?
11
Let x be 61 - (-2)/(-3)*-3. Suppose 34*i + 14*i = 23*i + 1125. Calculate the greatest common factor of i and x.
9
Suppose -18552*a = -18554*a + 74 + 172. Calculate the highest common divisor of a and 328.
41
Suppose 36 = 3*t + 5*g - 28, 41 = 2*t + 3*g. Suppose t*n - 16*n - 48 = 0. Let j be (-6)/(-4)*n/(-12). What is the highest common divisor of 2 and j?
2
Let i(w) = -4*w**3 - 112*w**2 - 10*w + 80. Let o be i(-28). What is the highest common factor of o and 280?
40
Suppose 16*i - 30*i = -38*i + 240. Calculate the greatest common divisor of 335 and i.
5
Let o(v) = -115*v + 845. Let t be o(7). What is the highest common factor of t and 1890?
10
Let x = -11326 - -11382. What is the highest common divisor of x and 9506?
14
Let z be ((-4)/(-2) + -1)*-8. Let l be 12/(-6) - (z + -1). Suppose -76 - 2 = -r - 5*b, 4*r - 5*b = 237. What is the highest common factor of l and r?
7
Suppose m + 4*v = -8, 2*m - v + 2*v = -9. Let w be 27 - (-3)/m*8. Calculate the greatest common factor of w and 70.
7
Let g(s) = 375*s**3 + 11*s - 11. Let r be g(1). Suppose -51*i = -46*i - r. Calculate the greatest common divisor of i and 15.
15
Suppose -16 = -5*z - 0*t - 2*t, 0 = -3*t + 9. Let f be ((-6)/8 - 1 - -1)*-8. Let g be (-3)/f*10 + 9. What is the highest common factor of g and z?
2
Let v = -505 + 710. Let t = 225 - v. What is the highest common divisor of 100 and t?
20
Suppose 8*h + 11886 - 25966 = 0. What is the greatest common factor of 10 and h?
10
Suppose 327 = -29*p + 45*p - 2329. What is the highest common divisor of 46646 and p?
166
Suppose -4*f - 83 = -5*f. Let x = f - -5. Suppose -4 + 2 = c, 4*c = -2*y + 14. Calculate the highest common factor of y and x.
11
Let m(a) = 55*a**2 + 10*a - 60. Let u be m(2). Calculate the greatest common divisor of u and 360.
180
Let v(m) = m**3 - 4*m**2 - 26*m + 105. Let i be v(6). Calculate the greatest common factor of 8421 and i.
21
Suppose -5*t = 4*v - 1073 - 328, 3*v = -3*t + 837. Calculate the greatest common factor of t and 55.
5
Let k be (-1)/((-12)/352*44/165). Suppose 2*p = -7 + 27. Calculate the greatest common factor of p and k.
10
Suppose 12040 = 3*w + w. Suppose -w = -20*j - 450. Calculate the highest common divisor of j and 48.
16
Suppose 4*z - f - 95 = -6*f, 2*f + 100 = 3*z. Let j be z/((-17)/(-15) - (-2 + 3)). Suppose 4*c - 100 = -0*c. What is the highest common factor of j and c?
25
Let n = 3 + 15. Suppose -9*u + 15*u - n = 0. Calculate the highest common factor of u and 9.
3
Suppose -15*p = -19*p + 23*p - 342. What is the greatest common divisor of 4581 and p?
9
Let a = -488 - -748. Suppose r + a = 5*r. Suppose 0 = -29*u + 34*u - r. Calculate the greatest common factor of u and 13.
13
Let s be (-6)/8*(-3636)/(-54)*-2. Let x = s + 232. What is the greatest common divisor of 74 and x?
37
Suppose 2*a + 44 = 48. Suppose 7*u = 2*u + 4*y + 10, a*u - 4 = -y. Let q be (495/(-22))/(u/(-4)). Calculate the highest common factor of 405 and q.
45
Let z = -362 + 571. Let s = -17 + z. What is the highest common factor of s and 48?
48
Let t = 24 + -15. Suppose 0 = -j - 2*s - 106 + 605, -5*j + 2459 = -2*s. Let w = 502 - j. Calculate the highest common factor of t and w.
9
Suppose 10*f = 219*f - 2045491 - 595433. What is the greatest common factor of 6 and f?
6
Suppose 9*u + 2610 = -6*u. Let m = u - -183. What is the greatest common divisor of m and 9?
9
Let k be (-6)/4*(-4 + -2)*2. Suppose a - 41 - k = 0. Suppose 3*o - a = 22. Calculate the greatest common divisor of o and 36.
9
Let s(j) = 67*j + 2791. Let z be s(-41). Calculate the greatest common divisor of 6226 and z.
22
Let b be (-18)/(-81) + 86/18. Let g be (0 - -27)/(-9) - -1*107. Suppose g = b*h - 26. What is the highest common divisor of 208 and h?
26
Let z(i) = 95*i - 449. Let f be z(7). What is the highest common factor of 32 and f?
8
Suppose -4*n + 4*x = -20 - 56, x - 71 = -4*n. Suppose 35 = n*v - 505. Calculate the highest common divisor of v and 195.
15
Let j(o) = 72*o + 564. Let r be j(-7). Calculate the highest common divisor of r and 852.
12
Suppose 0 = -7*k + 4*k - 255. Suppose -17*w + 3569 = 1104. Let j = k + w. Calculate the greatest common factor of 15 and j.
15
Suppose -5*q + 81275 = 3*l, 0 = -212*q + 213*q + 5*l - 16255. Calculate the highest common factor of 5 and q.
5
Suppose 3173*v - 3149*v - 960 = 0. Calculate the greatest common divisor of 3460 and v.
20
Suppose 7 = -6*b + 43. Let a be (b + -3 + -1)*119. What is the greatest common divisor of a and 14?
14
Let o(k) = 3*k**2 + 3*k + 6. Let n be o(-6). Let w be (n/(-18))/(-4) + 280/6. Let x be (16 - 6) + (3 - 1). Calculate the greatest common divisor of x and w.
12
Let m(l) = 4*l**2 + 22*l + 100. Let o be m(-5). Let n be 200/9 + (-20)/o. Calculate the highest common divisor of 4 and n.
2
Suppose h + 4374 = z, -11*z - 5*h + 21870 = -6*z. What is the highest common divisor of z and 54?
54
Suppose 18 = 7*t + 186. Let c(f) = -f**2 - 22*f + 40. Let q be c(t). Let n be (780/9)/(q/(-12)). Calculate the greatest common factor of n and 52.
26
Suppose 0*l = -l + 2*x + 99, 5*x = -20. Suppose 0 = -42*f + 40*f + 4*j + 34, f - 32 = 5*j. Calculate the highest common divisor of f and l.
7
Suppose 101*h = 178*h - 132825. Calculate the highest common divisor of h and 25.
25
Let x be (2 - 33)*(-5 - -3) + 2. Suppose 2 + 2 = 2*m. Suppose -4*d = -4*p - 12, -2*d = 4*p - m*p - 26. Calculate the highest common divisor of x and d.
8
Suppose -66 = -21*v + 10*v. Let l(h) = 12*h - 6. Let k be l(5). Suppose -k = 3*s - 6*s. Calculate the highest common divisor of v and s.
6
Let y = -19703 - -19766. What is the highest common factor of 11424 and y?
21
Let s(f) = f**3 + 4*f**2 - 13*f - 4. Let p be s(-5). Suppose -p*d - 165 = -37*d. Let c be 6/(-33) + 501/33. Calculate the highest common factor of d and c.
15
Let c(k) = k**3 + 34*k**2 + 218*k - 75. Let n be c(-23). Calculate the greatest common divisor of n and 30.
10
Let r(t) be the third derivative of -31*t**4/24 - 5*t**3/2 - 7*t**2 - 3. Let q be r(-3). What is the greatest common divisor of q and 26?
26
Suppose -2916 = -77*y - 31*y. Calculate the highest common factor of y and 10503.
27
Let d be 32/28 + 278/14. Suppose 521 = 2*p + q, -d*p + 24*p - q = 784. Calculate the greatest common divisor of 9 and p.
9
Let f(i) = 8*i**2 + 158*i - 122. Let l be f(-21). What is the greatest common factor of 988 and l?
4
Let t = 1531 + 2624. Calculate the highest common factor of t and 15.
15
Let y be ((-81)/(-5))/(16/(-80)*-3). What is the greatest common factor of 1467 and y?
9
Let r(y) = -39*y**3 - 15 + 21*y**3 + 17*y**3 + 5*y**2 + 9*y - 20. Let k be r(5). Calculate the highest common factor of k and 16.
2
Let b = 650 - 609. Suppose 10310 = b*u + 1249. Calculate the greatest common factor of u and 34.
17
Suppose -1069*s + 969*s + 186900 = 0. Calculate the greatest common factor of 18 and s.
3
Suppose 0 = 5*n + x - 11255, 4*n + 7*x - 8995 = 8*x. What is the highest common divisor of 54 and n?
18
Suppose 0 = -6*w - 23 - 139. Let h = w - -32. Let f = h + 11. Calculate the greatest common factor of 128 and f.
16
Let q(a) = -14*a**2 + 23 - a**3 + 13 - 15*a + 0*a. Let f be q(-13). Calculate the greatest common factor of f and 93.
31
Let b = -288 + 411. Let x = -123 + b. Suppose x = 4*u + v - 416, -2*u - 3*u + 529 = -v. Calculate the greatest common divisor of u and 70.
35
Let k be 4/(-6) + (-14)/(-3). Suppose k*r = 4*l + 247 + 157, -4*l - 300 = -3*r. Calculate the greatest common divisor of 8 and r.
8
Let q be (-78)/18*(-12 + 0). What is the greatest common factor of q and 28?
4
Let t(s) = -36 - 16*s + 63*s + 9*s. Let g be t(5). Let c = 424 - g. Calculate the highest common divisor of 12 and c.
12
Let v be 219/18 + 2/(-12). Let d = 7816 + -7740. Calculate the greatest common divisor of d and v.
4
Let r be (-3 - -8)*(-16 + 148). What is the highest common factor of 192 and r?